emainder when 26 is divided by j.
8
Let d(x) be the first derivative of 2*x**3/3 - 3*x + 3. Calculate the remainder when d(3) is divided by 4.
3
Suppose 5*j - 4*b - 47 = 68, -34 = -j + 3*b. What is the remainder when j is divided by 3*5*(-12)/(-18)?
9
Let t = -39 + 55. Suppose -4*a + 301 = 29. Let f = a + -37. Calculate the remainder when f is divided by t.
15
Let z = -3 - -2. What is the remainder when 11 is divided by (z/2)/(5/(-40))?
3
Suppose -3*n = 3*x - 116 - 256, -2*n + 5*x = -255. Suppose l + n = 6*l. Calculate the remainder when l is divided by 13.
12
Let z = -177 + 312. Suppose 0*o = 5*o + 4*t - z, 4*o = 4*t + 108. What is the remainder when o is divided by 7?
6
Suppose -145 = -0*c - 5*c. Suppose 4*g = 6*g - 30. Calculate the remainder when c is divided by g.
14
Let c(y) = 5*y**2 + 4*y + 9. Calculate the remainder when c(-4) is divided by 19.
16
Let r = 3 - 7. Let u be 2/r + (-385)/(-14). Let b = -19 + u. Calculate the remainder when b is divided by 3.
2
Suppose 4*o - 2*c - 20 = 0, o - 1 - 13 = 5*c. What is the remainder when ((-12)/(-10))/(2/10) is divided by o?
2
Let r be (-1 + 0)/((-1)/(-11)). Let g be 1/(32/34 - 1). Let t = r - g. What is the remainder when 11 is divided by t?
5
Suppose 2*j - 96 = -8. Calculate the remainder when 172 is divided by j.
40
Suppose -2*w + 6*w = -3*o + 39, 4*o - w - 33 = 0. Calculate the remainder when 16 is divided by o.
7
Let u = -44 + 67. What is the remainder when u is divided by 8?
7
Let o = 42 - 83. Calculate the remainder when 81 is divided by o/(-2) - (-4)/8.
18
Let n = 47 + -34. What is the remainder when n is divided by 5?
3
Let m = 57 - 23. Suppose 5*w = m + 66. Calculate the remainder when 39 is divided by w.
19
Let y = 2 + 1. Let q = -71 - -74. Calculate the remainder when y is divided by q.
0
Let w = 2 + 2. Suppose -m - 9 = -w*k, 6*k - k - 48 = -4*m. What is the remainder when (-1)/(-12)*4*(35 + 1) is divided by m?
5
What is the remainder when -1*3/(-6)*1*44 is divided by 17?
5
Let w be 3 + 3/6*2. Suppose -z + w*x + 13 = -0*x, 4*x = 0. What is the remainder when z is divided by 8?
5
Suppose 6 = 4*o + 22, -5*u + 67 = 2*o. What is the remainder when (45/(-10))/((-5)/30) is divided by u?
12
Suppose 0*y = y - 10. Calculate the remainder when 79 is divided by y.
9
Let l(g) = -2*g**2 - g. Let z be l(-1). What is the remainder when ((-2)/4)/(z/66) is divided by 9?
6
Calculate the remainder when (-58)/(-7) + 4/(-14) is divided by 2/((-4)/3 + 2).
2
Let d(g) = -g + 23. Let m(o) = -15*o + 1. What is the remainder when d(-6) is divided by m(-1)?
13
Let v = 78 + -73. Calculate the remainder when 19 is divided by v.
4
What is the remainder when (5/(-2))/(20/(-120)) is divided by 8?
7
Let j be 3 - (0 - -2 - 3). Let f = -16 + j. Calculate the remainder when (-7)/(1*3/f) is divided by 15.
13
Suppose n - 49 = -16. Suppose 0*h + h - 38 = 3*m, -n = -h - 2*m. Calculate the remainder when h is divided by 9.
8
Let d(u) = 6*u**2 + u - 2. What is the remainder when d(-3) is divided by 25?
24
Suppose -6*v = -n - 4*v + 32, -2*n = -2*v - 72. Suppose 0 = -u - 4*u + 420. Suppose -3*b - b = -u. Calculate the remainder when n is divided by b.
19
Suppose -103 = -5*s + 2*u, 0 = 4*s - 3*u - u - 80. What is the remainder when 81 is divided by s?
18
Suppose 3*j = j + 30. Calculate the remainder when 29 is divided by j.
14
Suppose -2*m + 16 = 2*d, 5*m + 4*d + 11 = 54. Calculate the remainder when 73 is divided by m.
7
Let c = 5 + 30. Calculate the remainder when c is divided by 8.
3
Calculate the remainder when 238 is divided by 8/((-84)/(-72)*(-1)/(-7)).
46
Let r(w) = w**3 - w**2 + 2*w + 2. Calculate the remainder when (-1 + 0)/(1/(-50)) is divided by r(3).
24
Let y = 339 - 196. Calculate the remainder when y is divided by 16.
15
Let d(n) = -18*n - 59. What is the remainder when d(-15) is divided by 53?
52
Let l(w) = -3*w + 3*w + 1 + 3*w**2. Let u be l(-1). Let j = u - 3. Calculate the remainder when 2 is divided by j.
0
Let i = 232 + -155. Calculate the remainder when i is divided by 13.
12
Let x be (-26)/(10/(-3) + 3). Suppose x = -4*k + 226. Let q = k + -23. Calculate the remainder when 25 is divided by q.
11
Let w(c) = -61*c - 1. Let h be w(-1). Suppose -2*z = 24 - h. Calculate the remainder when 69 is divided by z.
15
Suppose 12*u - 69 = 9*u. What is the remainder when u is divided by 6?
5
Let i be (-1)/(2 + 15/(-9)). Let v(j) = -j**2 - 5*j - 1. What is the remainder when (-2 + 1)/((-2)/26) is divided by v(i)?
3
Let q be (-1)/5 - (-4)/20. Let m = q - -6. Calculate the remainder when m is divided by 5/(15/(-12))*-1.
2
Let f(u) = 2*u**2 + 3*u - 5. Calculate the remainder when (-1)/2*(-12 + 0) is divided by f(-3).
2
Let i = -75 + 86. Suppose 10 = 4*p + p. Suppose 0 = f - 4, 4*d + p*f - 132 = -0*d. Calculate the remainder when d is divided by i.
9
Let g(l) = 2*l + 1. Calculate the remainder when 19 is divided by g(5).
8
Let w(j) be the first derivative of 8/3*j**3 + 0*j - 1 - 1/2*j**2. Calculate the remainder when 25 is divided by w(-1).
7
Suppose p + f + f = 25, -5*p + 180 = -f. Calculate the remainder when p is divided by 172/14 + 2/(-7).
11
Let f(r) = r**3 - 6*r**2 + 2*r - 8. Let c be f(6). Let u(p) = p**2 - p - 3. Calculate the remainder when u(c) is divided by 5.
4
Let t = -56 + 88. What is the remainder when t is divided by 11?
10
Suppose 0 = -2*r - 2*h - 3*h - 41, -r - 58 = -5*h. What is the remainder when (r/15)/(2/(-10)) is divided by 7?
4
Let m be (-56)/(-6)*9/(-6). Suppose 6*f - f - 55 = 0. What is the remainder when f is divided by (12/m)/((-1)/7)?
5
Let w(o) = o**3 - o**2 + 44. Let l(b) = b**2 + 5*b - 6. Let p be l(-6). Calculate the remainder when w(p) is divided by 15.
14
Let n(a) = 2*a**2 - 2*a. Suppose -2*m + 14 = 6. Calculate the remainder when n(m) is divided by 1/(-3 + (-120)/(-39)).
11
Let v be ((-2)/(-6) - 1)*-12. Let f = -5 + v. Suppose -f*j = -3*h - 0*h - 129, j + 5*h - 25 = 0. What is the remainder when j is divided by 21?
19
Calculate the remainder when 50 is divided by 102/4*(-6)/(-9).
16
Suppose 79 = 5*o + f, -6*o + 69 = -2*o - 5*f. What is the remainder when 43 is divided by o?
11
Calculate the remainder when 126 is divided by (1 - 5) + 36 + 0.
30
Suppose -5 = -3*v - 3*a + 16, 0 = v - 3*a + 9. Let x(c) = c**3 - 3*c**2 + c - 2. Let m be x(v). What is the remainder when 8 is divided by (-1)/(m*(-2)/6)?
2
Let m = 11 - -45. Let k be -1*(-2 - 0) - -4. Calculate the remainder when m is divided by 110/k - 6/(-9).
18
Suppose i + 5 = -28. Let z = 47 + i. Suppose t + 93 = 5*u - 109, -10 = 5*t. What is the remainder when u is divided by z?
12
Let h = 1 + -2. Let m = h + 4. Calculate the remainder when m is divided by 1.
0
Suppose 4*q - p - 204 = 3*p, 2*q + 2*p - 102 = 0. What is the remainder when q is divided by 28?
23
Let v = -5 - -33. Let t(h) = -h**3 - h**2 - 2*h - 1. What is the remainder when t(-5) is divided by v?
25
Let a = -8 - -13. Suppose 3*z - a*g + 10 - 25 = 0, 0 = -z - 3*g + 5. What is the remainder when z is divided by (-2)/2*-3 + 0?
2
Suppose -2*v + 2*j = -78, -4*j + 78 = 2*v - 0*v. Calculate the remainder when (-288)/(-14) - v/(-91) is divided by 8.
5
Let a(v) = -v**2 - 14*v - 2. Calculate the remainder when a(-12) is divided by 12.
10
Suppose 12 = 5*l - 18. Calculate the remainder when 58 is divided by l.
4
Let w be (-1)/6 - 1336/48. Calculate the remainder when 7 is divided by ((-21)/w)/(3/8).
1
What is the remainder when 15/25*((0 - -108) + -3) is divided by 16?
15
Let l be (2 - (6 - 0))*-9. Let v(r) = -26*r**3 + 21*r**3 + 1 + 2*r - l*r**3. Calculate the remainder when v(-1) is divided by 14.
12
Suppose -4*p + 12 + 12 = 0. Let w(d) be the first derivative of -d**4/2 - 5*d**3/3 - 3*d**2/2 + 2*d + 4. Calculate the remainder when p is divided by w(-2).
2
Suppose 4*o - 250 - 78 = 4*v, 2*o = 5*v + 170. Suppose -5*u + 4*q = 18, 2*u - 2 = 5*q + 1. Calculate the remainder when u/4*o/(-6) is divided by 7.
6
Suppose 0 = -0*i + 4*i - 16. Calculate the remainder when i is divided by 2.
0
Let i(w) be the third derivative of -w**6/12 - w**4/24 + 2*w**2. Suppose -4*f = 12 + 8, -5*c + 3*f + 10 = 0. Calculate the remainder when 43 is divided by i(c).
10
Suppose 0 = w + 3 - 11. Suppose 0 = f + f + w, h = -4*f - 11. Calculate the remainder when 8 is divided by h.
3
Let d(u) = u**3 - 5*u**2 + u + 2. 